he remainder when 6540251 is divided by 3107?
16
Calculate the remainder when 257870 is divided by 28171.
4331
What is the remainder when 138296 is divided by 3959?
3690
What is the remainder when 509175 is divided by 509101?
74
What is the remainder when 1187314 is divided by 47486?
164
Calculate the remainder when 2357013 is divided by 266.
253
Calculate the remainder when 365864 is divided by 11.
4
What is the remainder when 130530 is divided by 440?
290
What is the remainder when 2461641 is divided by 2744?
273
What is the remainder when 42462815 is divided by 66?
65
Calculate the remainder when 222007 is divided by 2177.
2130
What is the remainder when 11505046 is divided by 2926?
14
Calculate the remainder when 9971465 is divided by 55.
20
What is the remainder when 5626 is divided by 2786?
54
Calculate the remainder when 115551 is divided by 115209.
342
Calculate the remainder when 15370462 is divided by 3748.
3662
What is the remainder when 6952704 is divided by 69?
57
Calculate the remainder when 7758 is divided by 4750.
3008
Calculate the remainder when 2790793 is divided by 15.
13
Calculate the remainder when 88203 is divided by 72.
3
Calculate the remainder when 872223 is divided by 142.
59
Calculate the remainder when 357937 is divided by 1126.
995
What is the remainder when 867957413 is divided by 1061?
1058
Calculate the remainder when 410399 is divided by 21.
17
What is the remainder when 73590 is divided by 2192?
1254
Calculate the remainder when 51275 is divided by 50655.
620
What is the remainder when 1744473 is divided by 6?
3
Calculate the remainder when 82942 is divided by 4558.
898
What is the remainder when 692991 is divided by 381?
333
Calculate the remainder when 11647319 is divided by 124.
123
What is the remainder when 2080077 is divided by 138658?
207
Calculate the remainder when 18768 is divided by 502.
194
What is the remainder when 3477156 is divided by 58?
56
Calculate the remainder when 16042 is divided by 3983.
110
What is the remainder when 95651 is divided by 154?
17
Calculate the remainder when 3113 is divided by 1582.
1531
Calculate the remainder when 3807774 is divided by 28416.
30
Calculate the remainder when 696542 is divided by 8693.
1102
Calculate the remainder when 145448 is divided by 11105.
1083
Calculate the remainder when 7665 is divided by 1685.
925
Calculate the remainder when 1990895 is divided by 894.
851
What is the remainder when 9525595 is divided by 756?
751
What is the remainder when 196959 is divided by 1655?
14
What is the remainder when 2270312 is divided by 252256?
8
What is the remainder when 6382 is divided by 2531?
1320
Calculate the remainder when 7478353 is divided by 24681.
10
What is the remainder when 9689468 is divided by 66366?
32
Calculate the remainder when 3729994 is divided by 241.
37
What is the remainder when 857501 is divided by 7030?
6871
Calculate the remainder when 113533 is divided by 12590.
223
Calculate the remainder when 53388487 is divided by 4087.
6
Calculate the remainder when 9380894 is divided by 428.
418
What is the remainder when 180682442 is divided by 438?
434
Calculate the remainder when 114144 is divided by 1309.
261
What is the remainder when 1508161 is divided by 57?
55
Calculate the remainder when 755879 is divided by 83977.
86
Calculate the remainder when 53968369 is divided by 364.
273
What is the remainder when 1800149 is divided by 4337?
294
Calculate the remainder when 27705071 is divided by 2218.
33
What is the remainder when 267825 is divided by 3586?
2461
What is the remainder when 31086717 is divided by 2688?
2685
Calculate the remainder when 7329134 is divided by 91.
85
What is the remainder when 521726 is divided by 617?
361
What is the remainder when 195599 is divided by 1109?
415
What is the remainder when 52344104 is divided by 101?
46
What is the remainder when 407513 is divided by 4289?
58
What is the remainder when 4009756 is divided by 3101?
163
Calculate the remainder when 56547 is divided by 14016.
483
What is the remainder when 1631068 is divided by 407746?
84
Calculate the remainder when 207461 is divided by 1660.
1621
What is the remainder when 3586308 is divided by 12900?
108
What is the remainder when 57877791 is divided by 185?
171
Calculate the remainder when 30868201 is divided by 1142.
1083
What is the remainder when 1388549 is divided by 348?
29
Calculate the remainder when 53792097 is divided by 3858.
3
What is the remainder when 471170 is divided by 117774?
74
Calculate the remainder when 989527357 is divided by 3110.
3107
Calculate the remainder when 2824647 is divided by 6.
3
What is the remainder when 3566569 is divided by 153?
139
What is the remainder when 14293657 is divided by 1191137?
13
What is the remainder when 71156 is divided by 2632?
92
What is the remainder when 609740 is divided by 4691?
4601
Calculate the remainder when 148793148 is divided by 4850.
4848
Calculate the remainder when 798796 is divided by 399394.
8
Calculate the remainder when 15854797 is divided by 55.
2
Calculate the remainder when 385743 is divided by 96428.
31
What is the remainder when 205676 is divided by 205674?
2
What is the remainder when 127854690 is divided by 9?
6
Calculate the remainder when 154019 is divided by 186.
11
What is the remainder when 945576 is divided by 171?
117
Calculate the remainder when 8121981 is divided by 219513.
0
Calculate the remainder when 2757377 is divided by 159.
158
Calculate the remainder when 1334867 is divided by 444933.
68
Calculate the remainder when 3993175 is divided by 2513.
18
What is the remainder when 304600350 is divided by 152300165?
20
Calculate the remainder when 284652 is divided by 6513.
4593
Calculate the remainder when 2190904 is divided by 829.
686
What is the remainder when 117853 is divided by 19577?
391
Calculate the remainder when 13409310 is divided by 201.
198
Calculate the remainder when 389741 is divided by 194863.
15
Calculate the remainder when 12566535 is divided by 123.
117
What is the remainder when 242862 is divided by 18647?
451
Calculate the remainder when 26237391 is divided by 68.
67
What is the remainder when 10875545 is divided by 23238?
161
What is the remainder when 619823 is divided by 637?
22
What is the remainder when 16278495 is divided by 208?
207
Calculate the remainder when 2173234 is divided by 5065.
349
What is the remainder when 9254240 is divided by 559?
554
Calculate the remainder when 386800 is divided by 11558.
5386
Calculate the remainder when 57390792 is divided by 24920.
32
What is the remainder when 9082100 is divided by 19?
5
Calculate the remainder when 225982 is divided by 112850.
282
Calculate the remainder when 516419 is divided by 129005.
399
Calculate the remainder when 2818579 is divided by 11.
5
What is the remainder when 4651723 is divided by 1?
0
What is the remainder when 21658 is divided by 3060?
238
What is the remainder when 1146581 is divided by 150?
131
What is the remainder when 2122927 is divided by 707640?
7
Calculate the remainder when 38431268 is divided by 3576.
3572
What is the remainder when 83851 is divided by 1291?
1227
Calculate the remainder when 36532 is divided by 9071.
248
What is the remainder when 104738 is divided by 190?
48
What is the remainder when 1128479 is divided by 17912?
23
Calculate the remainder when 1140240 is divided by 61.
28
Calculate the remainder when 11768338 is divided by 245173.
34
What is the remainder when 14817348 is divided by 94378?
2
Calculate the remainder when 2528213 is divided by 361171.
16
Calculate the remainder when 3804105 is divided by 994.
67
What is the remainder when 11424010 is divided by 340?
10
What is the remainder when 75455 is divided by 3972?
3959
What is the remainder when 3385297 is divided by 2236?
2229
Calculate the remainder when 780630 is divided by 29.
8
What is the remainder when 5444641 is divided by 276?
265
Calculate the remainder when 645474 is divided by 24820.
154
Calculate the remainder when 2958697 is divided by 936.
1
What is the remainder when 221465 is divided by 976?
889
What is the remainder when 52023484 is divided by 134?
128
Calculate the remainder when 7694430 is divided by 4.
2
What is the remainder when 89346 is divided by